{"id":544,"date":"2025-11-02T23:48:49","date_gmt":"2025-11-02T23:48:49","guid":{"rendered":"https:\/\/calvarychapelaveiro.pt\/home\/"},"modified":"2026-02-26T13:33:59","modified_gmt":"2026-02-26T13:33:59","slug":"home","status":"publish","type":"page","link":"https:\/\/calvarychapelaveiro.pt\/pt\/","title":{"rendered":"In\u00edcio"},"content":{"rendered":"<h2 class=\"wp-block-heading\"><\/h2>\n\n\n\n<div class=\"wp-block-cover alignfull is-light has-custom-content-position is-position-top-center backgroundvideo\" style=\"min-height:620px;aspect-ratio:unset;\"><video class=\"wp-block-cover__video-background intrinsic-ignore\" autoplay muted loop playsinline src=\"https:\/\/calvarychapelaveiro.pt\/wp-content\/uploads\/2025\/11\/aveiro1024.mp4\" data-object-fit=\"cover\"><\/video><span aria-hidden=\"true\" class=\"wp-block-cover__background has-background-dim-0 has-background-dim\" style=\"background-color:#FFF\"><\/span><div class=\"wp-block-cover__inner-container is-layout-constrained wp-block-cover-is-layout-constrained\">\n<h1 class=\"wp-block-heading has-text-align-center has-white-color has-text-color has-link-color wp-elements-85b82767434582e203bacdf155e5c71d\">Bem-vindo \u00e0 Calvary Chapel AVEIRO<\/h1>\n\n\n\n<h3 class=\"wp-block-heading has-text-align-center\" style=\"text-transform:none\">Uma igreja internacional, de l\u00edngua inglesa e portuguesa, no centro de Aveiro<\/h3>\n\n\n\n<p class=\"has-text-align-center has-medium-font-size\">Somos uma igreja que acredita na B\u00edblia e ensina a B\u00edblia. O nosso objetivo \u00e9 encorajar os crist\u00e3os a crescer na gra\u00e7a e no conhecimento de Jesus atrav\u00e9s da Sua Palavra. \u00c0 medida que aprendemos sobre Ele, procuramos imit\u00e1-Lo no Seu amor pelas pessoas, e depois desejamos partilhar as Boas Novas com os que vivem em Aveiro, Portugal e no mundo.<\/p>\n\n\n\n<p><\/p>\n\n\n\n<h3 class=\"wp-block-heading has-text-align-center\"><\/h3>\n<\/div><\/div>\n\n\n\n<h3 class=\"wp-block-heading alignfull\">\u00daltimas not\u00edcias<\/h3>\n\n\n<ul class=\"wp-block-latest-posts__list has-dates alignfull wp-block-latest-posts\"><li><a class=\"wp-block-latest-posts__post-title\" href=\"https:\/\/calvarychapelaveiro.pt\/pt\/starting-summer-2026\/\">A partir do ver\u00e3o de 2026<\/a><time datetime=\"2026-01-27T21:11:36+00:00\" class=\"wp-block-latest-posts__post-date\">27 de janeiro de 2026<\/time><div class=\"wp-block-latest-posts__post-full-content\"><!-- wp:paragraph -->\n<p>Estamos entusiasmados por iniciar a Calvary Chapel Aveiro no ver\u00e3o de 2026!<br>Fique atento para mais informa\u00e7\u00f5es!<\/p>\n<!-- \/wp:paragraph --><\/div><\/li>\n<\/ul>","protected":false},"excerpt":{"rendered":"<p>\u00daltimas not\u00edcias<\/p>","protected":false},"author":1,"featured_media":0,"parent":0,"menu_order":0,"comment_status":"closed","ping_status":"closed","template":"","meta":{"footnotes":""},"class_list":["post-544","page","type-page","status-publish","hentry","ctfw-no-image"],"_hostinger_reach_plugin_has_subscription_block":false,"_hostinger_reach_plugin_is_elementor":false,"_links":{"self":[{"href":"https:\/\/calvarychapelaveiro.pt\/pt\/wp-json\/wp\/v2\/pages\/544","targetHints":{"allow":["GET"]}}],"collection":[{"href":"https:\/\/calvarychapelaveiro.pt\/pt\/wp-json\/wp\/v2\/pages"}],"about":[{"href":"https:\/\/calvarychapelaveiro.pt\/pt\/wp-json\/wp\/v2\/types\/page"}],"author":[{"embeddable":true,"href":"https:\/\/calvarychapelaveiro.pt\/pt\/wp-json\/wp\/v2\/users\/1"}],"replies":[{"embeddable":true,"href":"https:\/\/calvarychapelaveiro.pt\/pt\/wp-json\/wp\/v2\/comments?post=544"}],"version-history":[{"count":6,"href":"https:\/\/calvarychapelaveiro.pt\/pt\/wp-json\/wp\/v2\/pages\/544\/revisions"}],"predecessor-version":[{"id":912,"href":"https:\/\/calvarychapelaveiro.pt\/pt\/wp-json\/wp\/v2\/pages\/544\/revisions\/912"}],"wp:attachment":[{"href":"https:\/\/calvarychapelaveiro.pt\/pt\/wp-json\/wp\/v2\/media?parent=544"}],"curies":[{"name":"wp","href":"https:\/\/api.w.org\/{rel}","templated":true}]}}

Início

<h2 class="wp-block-heading"></h2>



<div class="wp-block-cover alignfull is-light has-custom-content-position is-position-top-center backgroundvideo" style="min-height:620px;aspect-ratio:unset;"><video class="wp-block-cover__video-background intrinsic-ignore" autoplay muted loop playsinline src="https://calvarychapelaveiro.pt/wp-content/uploads/2025/11/aveiro1024.mp4" data-object-fit="cover"></video><span aria-hidden="true" class="wp-block-cover__background has-background-dim-0 has-background-dim" style="background-color:#FFF"></span><div class="wp-block-cover__inner-container is-layout-constrained wp-block-cover-is-layout-constrained">
<h1 class="wp-block-heading has-text-align-center has-white-color has-text-color has-link-color wp-elements-85b82767434582e203bacdf155e5c71d">Bem-vindo à Calvary Chapel AVEIRO</h1>



<h3 class="wp-block-heading has-text-align-center" style="text-transform:none">Uma igreja internacional, de língua inglesa e portuguesa, no centro de Aveiro</h3>



<p class="has-text-align-center has-medium-font-size">Somos uma igreja que acredita na Bíblia e ensina a Bíblia. O nosso objetivo é encorajar os cristãos a crescer na graça e no conhecimento de Jesus através da Sua Palavra. À medida que aprendemos sobre Ele, procuramos imitá-Lo no Seu amor pelas pessoas, e depois desejamos partilhar as Boas Novas com os que vivem em Aveiro, Portugal e no mundo.</p>



<p></p>



<h3 class="wp-block-heading has-text-align-center"></h3>
</div></div>



<h3 class="wp-block-heading alignfull">Últimas notícias</h3>


<ul class="wp-block-latest-posts__list has-dates alignfull wp-block-latest-posts"><li><a class="wp-block-latest-posts__post-title" href="https://calvarychapelaveiro.pt/pt/starting-summer-2026/">A partir do verão de 2026</a><time datetime="2026-01-27T21:11:36+00:00" class="wp-block-latest-posts__post-date">27 de janeiro de 2026</time><div class="wp-block-latest-posts__post-full-content"><!-- wp:paragraph -->
<p>Estamos entusiasmados por iniciar a Calvary Chapel Aveiro no verão de 2026!<br>Fique atento para mais informações!</p>
<!-- /wp:paragraph --></div></li>
</ul>

<p>Últimas notícias</p>
