{"id":866,"date":"2025-11-04T02:14:55","date_gmt":"2025-11-04T02:14:55","guid":{"rendered":"https:\/\/calvarychapelaveiro.pt\/?page_id=866"},"modified":"2025-11-04T02:44:23","modified_gmt":"2025-11-04T02:44:23","slug":"our-statement-of-faith","status":"publish","type":"page","link":"https:\/\/calvarychapelaveiro.pt\/pt\/our-statement-of-faith\/","title":{"rendered":"A nossa declara\u00e7\u00e3o de f\u00e9"},"content":{"rendered":"<h2 class=\"wp-block-heading has-large-font-size\" style=\"text-transform:capitalize\">A nossa declara\u00e7\u00e3o de f\u00e9<\/h2>\n\n\n\n<p>A fim de identificar a Calvary Chapel como conservadora na teologia e evang\u00e9lica no esp\u00edrito:<\/p>\n\n\n\n<ul class=\"wp-block-list\">\n<li>ACREDITAMOS que existe UM DEUS VIVO E VERDADEIRO, eternamente existente em tr\u00eas pessoas: O Pai, o Filho e o Esp\u00edrito Santo, iguais em poder e gl\u00f3ria; e que este Deus Tri\u00fano criou tudo, sustenta tudo e governa tudo.<\/li>\n\n\n\n<li>CREMOS que as ESCRITURAS do Antigo e do Novo Testamento s\u00e3o a Palavra de Deus, totalmente inspirada e sem erros nos manuscritos originais, e a regra infal\u00edvel de f\u00e9 e pr\u00e1tica.<\/li>\n\n\n\n<li>CREMOS em DEUS PAI, um Esp\u00edrito infinito e pessoal, perfeito em santidade, sabedoria, poder e amor; que Ele se ocupa misericordiosamente dos assuntos dos homens; que Ele ouve e responde \u00e0 ora\u00e7\u00e3o; e que Ele salva do pecado e da morte todos os que v\u00eam a Ele atrav\u00e9s de Jesus Cristo.<\/li>\n\n\n\n<li>CREMOS em JESUS CRISTO, o Filho unig\u00e9nito de Deus, concebido pelo Esp\u00edrito Santo. Acreditamos no Seu nascimento virginal, na Sua vida sem pecado, nos Seus milagres e ensinamentos, na Sua morte expiat\u00f3ria substitutiva, na Sua ressurrei\u00e7\u00e3o corporal, na Sua ascens\u00e3o aos c\u00e9us, na Sua intercess\u00e3o perp\u00e9tua pelo Seu povo e no Seu regresso pessoal e vis\u00edvel \u00e0 Terra.<\/li>\n\n\n\n<li>CREMOS no ESP\u00cdRITO SANTO, que veio do Pai e do Filho para convencer o mundo do pecado, da justi\u00e7a e do ju\u00edzo, e para regenerar, santificar e capacitar para o minist\u00e9rio todos os que cr\u00eaem em Cristo; cremos que o Esp\u00edrito Santo habita em cada crente em Jesus Cristo e que Ele \u00e9 um Ajudante, Professor e Guia permanente. Acreditamos no minist\u00e9rio atual do Esp\u00edrito Santo e no exerc\u00edcio de todos os dons b\u00edblicos do Esp\u00edrito.<\/li>\n\n\n\n<li>ACREDITAMOS que todas as PESSOAS s\u00e3o pecadoras por natureza e por escolha, e que, por isso, est\u00e3o sob condena\u00e7\u00e3o; que Deus regenera pelo Esp\u00edrito Santo aqueles que se arrependem dos seus pecados e confessam Jesus Cristo como Senhor; que Jesus Cristo baptiza o crente que procura o Esp\u00edrito Santo e o poder para o servi\u00e7o, muitas vezes depois da regenera\u00e7\u00e3o.<\/li>\n\n\n\n<li>CREMOS na IGREJA universal, o corpo espiritual vivo, do qual Cristo \u00e9 a Cabe\u00e7a e todas as pessoas regeneradas s\u00e3o membros.<\/li>\n\n\n\n<li>ACREDITAMOS que o Senhor Jesus Cristo atribuiu duas ORDENAN\u00c7AS \u00e0 Igreja: <strong>1)<\/strong> Batismo, e <strong>2)<\/strong> a Ceia do Senhor. Acreditamos no batismo por imers\u00e3o e na comunh\u00e3o aberta a todos os crentes.<\/li>\n\n\n\n<li>CREMOS tamb\u00e9m na COLOCA\u00c7\u00c3O DE M\u00c3OS para o batismo do Esp\u00edrito Santo, para a ordena\u00e7\u00e3o de pastores, presb\u00edteros e di\u00e1conos, e para receber dons do Esp\u00edrito, e para curar.<\/li>\n\n\n\n<li>CREMOS no RETORNO pessoal e vis\u00edvel de CRISTO \u00e0 Terra e no estabelecimento do Seu Reino na ressurrei\u00e7\u00e3o do corpo, no julgamento final e na b\u00ean\u00e7\u00e3o eterna dos justos e no sofrimento sem fim dos \u00edmpios.<\/li>\n\n\n\n<li>CREMOS no CREDO DOS AP\u00d3STOLOS como incorporando factos fundamentais da f\u00e9 crist\u00e3.<\/li>\n<\/ul>","protected":false},"excerpt":{"rendered":"<p>Our Statement of Faith In order to identify Calvary Chapel as conservative in theology and evangelical in spirit:<\/p>","protected":false},"author":1,"featured_media":0,"parent":0,"menu_order":0,"comment_status":"closed","ping_status":"closed","template":"","meta":{"footnotes":""},"class_list":["post-866","page","type-page","status-publish","hentry","ctfw-no-image"],"_hostinger_reach_plugin_has_subscription_block":false,"_hostinger_reach_plugin_is_elementor":false,"_links":{"self":[{"href":"https:\/\/calvarychapelaveiro.pt\/pt\/wp-json\/wp\/v2\/pages\/866","targetHints":{"allow":["GET"]}}],"collection":[{"href":"https:\/\/calvarychapelaveiro.pt\/pt\/wp-json\/wp\/v2\/pages"}],"about":[{"href":"https:\/\/calvarychapelaveiro.pt\/pt\/wp-json\/wp\/v2\/types\/page"}],"author":[{"embeddable":true,"href":"https:\/\/calvarychapelaveiro.pt\/pt\/wp-json\/wp\/v2\/users\/1"}],"replies":[{"embeddable":true,"href":"https:\/\/calvarychapelaveiro.pt\/pt\/wp-json\/wp\/v2\/comments?post=866"}],"version-history":[{"count":3,"href":"https:\/\/calvarychapelaveiro.pt\/pt\/wp-json\/wp\/v2\/pages\/866\/revisions"}],"predecessor-version":[{"id":886,"href":"https:\/\/calvarychapelaveiro.pt\/pt\/wp-json\/wp\/v2\/pages\/866\/revisions\/886"}],"wp:attachment":[{"href":"https:\/\/calvarychapelaveiro.pt\/pt\/wp-json\/wp\/v2\/media?parent=866"}],"curies":[{"name":"wp","href":"https:\/\/api.w.org\/{rel}","templated":true}]}}

A nossa declaração de fé

<h2 class="wp-block-heading has-large-font-size" style="text-transform:capitalize">A nossa declaração de fé</h2>



<p>A fim de identificar a Calvary Chapel como conservadora na teologia e evangélica no espírito:</p>



<ul class="wp-block-list">
<li>ACREDITAMOS que existe UM DEUS VIVO E VERDADEIRO, eternamente existente em três pessoas: O Pai, o Filho e o Espírito Santo, iguais em poder e glória; e que este Deus Triúno criou tudo, sustenta tudo e governa tudo.</li>



<li>CREMOS que as ESCRITURAS do Antigo e do Novo Testamento são a Palavra de Deus, totalmente inspirada e sem erros nos manuscritos originais, e a regra infalível de fé e prática.</li>



<li>CREMOS em DEUS PAI, um Espírito infinito e pessoal, perfeito em santidade, sabedoria, poder e amor; que Ele se ocupa misericordiosamente dos assuntos dos homens; que Ele ouve e responde à oração; e que Ele salva do pecado e da morte todos os que vêm a Ele através de Jesus Cristo.</li>



<li>CREMOS em JESUS CRISTO, o Filho unigénito de Deus, concebido pelo Espírito Santo. Acreditamos no Seu nascimento virginal, na Sua vida sem pecado, nos Seus milagres e ensinamentos, na Sua morte expiatória substitutiva, na Sua ressurreição corporal, na Sua ascensão aos céus, na Sua intercessão perpétua pelo Seu povo e no Seu regresso pessoal e visível à Terra.</li>



<li>CREMOS no ESPÍRITO SANTO, que veio do Pai e do Filho para convencer o mundo do pecado, da justiça e do juízo, e para regenerar, santificar e capacitar para o ministério todos os que crêem em Cristo; cremos que o Espírito Santo habita em cada crente em Jesus Cristo e que Ele é um Ajudante, Professor e Guia permanente. Acreditamos no ministério atual do Espírito Santo e no exercício de todos os dons bíblicos do Espírito.</li>



<li>ACREDITAMOS que todas as PESSOAS são pecadoras por natureza e por escolha, e que, por isso, estão sob condenação; que Deus regenera pelo Espírito Santo aqueles que se arrependem dos seus pecados e confessam Jesus Cristo como Senhor; que Jesus Cristo baptiza o crente que procura o Espírito Santo e o poder para o serviço, muitas vezes depois da regeneração.</li>



<li>CREMOS na IGREJA universal, o corpo espiritual vivo, do qual Cristo é a Cabeça e todas as pessoas regeneradas são membros.</li>



<li>ACREDITAMOS que o Senhor Jesus Cristo atribuiu duas ORDENANÇAS à Igreja: <strong>1)</strong> Batismo, e <strong>2)</strong> a Ceia do Senhor. Acreditamos no batismo por imersão e na comunhão aberta a todos os crentes.</li>



<li>CREMOS também na COLOCAÇÃO DE MÃOS para o batismo do Espírito Santo, para a ordenação de pastores, presbíteros e diáconos, e para receber dons do Espírito, e para curar.</li>



<li>CREMOS no RETORNO pessoal e visível de CRISTO à Terra e no estabelecimento do Seu Reino na ressurreição do corpo, no julgamento final e na bênção eterna dos justos e no sofrimento sem fim dos ímpios.</li>



<li>CREMOS no CREDO DOS APÓSTOLOS como incorporando factos fundamentais da fé cristã.</li>
</ul>
